3?
11, 233, 311
List the prime factors of 48907.
48907
List the prime factors of 33721397.
31, 1087787
What are the prime factors of 27294?
2, 3, 4549
What are the prime factors of 4512407?
4512407
What are the prime factors of 1471097?
769, 1913
List the prime factors of 5862362.
2, 11, 43, 6197
List the prime factors of 321258.
2, 3, 7, 7649
List the prime factors of 3762871.
7, 281, 1913
What are the prime factors of 15067?
13, 19, 61
List the prime factors of 15216412.
2, 31, 41, 73
List the prime factors of 10247160.
2, 3, 5, 7, 11, 1109
What are the prime factors of 1650190?
2, 5, 17, 571
What are the prime factors of 1872704?
2, 29, 1009
List the prime factors of 3014035.
5, 23, 26209
What are the prime factors of 18183?
3, 11, 19, 29
What are the prime factors of 167981?
11, 15271
What are the prime factors of 113808?
2, 3, 2371
What are the prime factors of 6694297?
127, 52711
List the prime factors of 577206.
2, 3, 7, 509
What are the prime factors of 33557108?
2, 13, 645329
What are the prime factors of 19401488?
2, 17, 71329
List the prime factors of 123496.
2, 43, 359
What are the prime factors of 3001157?
167, 17971
List the prime factors of 799007.
11, 19, 3823
List the prime factors of 180018.
2, 3, 73, 137
List the prime factors of 379770.
2, 3, 5, 12659
What are the prime factors of 182374?
2, 67, 1361
List the prime factors of 410007.
3, 13, 10513
List the prime factors of 148319.
71, 2089
What are the prime factors of 464131?
464131
What are the prime factors of 726078?
2, 3, 121013
What are the prime factors of 1743560?
2, 5, 7, 13, 479
List the prime factors of 364963.
31, 61, 193
List the prime factors of 7164801.
3, 7, 167, 227
List the prime factors of 461739.
3, 153913
List the prime factors of 187114.
2, 93557
What are the prime factors of 23967051?
3, 97, 82361
List the prime factors of 1986729.
3, 43, 15401
List the prime factors of 1816165.
5, 13, 27941
What are the prime factors of 69012?
2, 3, 71
What are the prime factors of 5683321?
7, 17, 163, 293
List the prime factors of 1564067.
1564067
What are the prime factors of 10173?
3, 3391
What are the prime factors of 893816?
2, 7, 11, 1451
What are the prime factors of 9060?
2, 3, 5, 151
What are the prime factors of 471141?
3, 11, 4759
What are the prime factors of 387975?
3, 5, 7, 739
What are the prime factors of 932102?
2, 19, 1291
List the prime factors of 2970766.
2, 1485383
What are the prime factors of 2299425?
3, 5, 23, 31, 43
List the prime factors of 557415.
3, 5, 4129
List the prime factors of 7814960.
2, 5, 97687
What are the prime factors of 3466047?
3, 13, 88873
What are the prime factors of 17571353?
17, 67, 15427
What are the prime factors of 121149?
3, 7, 641
What are the prime factors of 236898?
2, 3, 41, 107
List the prime factors of 1550970.
2, 3, 5, 19, 907
List the prime factors of 6640133.
71, 93523
List the prime factors of 176702.
2, 53, 1667
What are the prime factors of 458506?
2, 229253
List the prime factors of 66936.
2, 3, 2789
What are the prime factors of 135334?
2, 157, 431
What are the prime factors of 44184?
2, 3, 7, 263
List the prime factors of 35390056.
2, 13, 17, 37, 541
List the prime factors of 566911.
566911
What are the prime factors of 10785507?
3, 1721, 2089
List the prime factors of 15921133.
15921133
What are the prime factors of 19734823?
743, 26561
What are the prime factors of 230861?
230861
What are the prime factors of 1124024?
2, 11, 53, 241
List the prime factors of 13410507.
3, 11, 31, 13109
What are the prime factors of 9372006?
2, 3, 7, 74381
List the prime factors of 667206.
2, 3, 101, 367
List the prime factors of 2062049.
11, 17, 11027
What are the prime factors of 22076823?
3, 7358941
List the prime factors of 9402768.
2, 3, 17, 23, 167
What are the prime factors of 4680533?
11, 13, 71, 461
List the prime factors of 183601.
11, 16691
List the prime factors of 3646569.
3, 73, 16651
What are the prime factors of 359282?
2, 7, 11, 2333
What are the prime factors of 678001?
31, 21871
List the prime factors of 1521493.
313, 4861
List the prime factors of 44978.
2, 43, 523
List the prime factors of 8257351.
8257351
What are the prime factors of 4846474?
2, 2423237
What are the prime factors of 202542?
2, 3, 33757
What are the prime factors of 30187985?
5, 29, 61, 3413
List the prime factors of 673528.
2, 84191
What are the prime factors of 508270?
2, 5, 7, 53, 137
What are the prime factors of 8223054?
2, 3, 7, 195787
List the prime factors of 1830461.
53, 34537
List the prime factors of 26241986.
2, 491, 26723
What are the prime factors of 275296?
2, 7, 1229
What are the prime factors of 1844335?
5, 61, 6047
List the prime factors of 30872105.
5, 11, 563, 997
What are the prime factors of 1711279?
1711279
What are the prime factors of 19387444?
2, 1151, 4211
What are the prime factors of 9432664?
2, 19, 62057
What are the prime factors of 5048872?
2, 37, 461
List the prime factors of 20394.
2, 3, 11, 103
List the prime factors of 13034314.
2, 67, 211, 461
List the prime factors of 317820.
2, 3, 5, 5297
List the prime factors of 455390.
2, 5, 13, 31, 113
What are the prime factors of 185267?
185267
List the prime factors of 1380103.
19, 3823
What are the prime factors of 7664273?
7664273
List the prime factors of 487337.
311, 1567
What are the prime factors of 1754485?
5, 17, 20641
What are the prime factors of 3716116?
2, 929029
List the prime factors of 9792687.
3, 23, 347, 409
What are the prime factors of 278592?
2, 3, 1451
List the prime factors of 2802744.
2, 3, 7, 67, 83
List the prime factors of 42979929.
3, 61, 234863
List the prime factors of 1714728.
2, 3, 37, 1931
List the prime factors of 1902486.
2, 3, 109, 2909
List the prime factors of 35017804.
2, 8754451
What are the prime factors of 12471907?
7, 53, 33617
What are the prime factors of 22964704?
2, 7, 157, 653
List the prime factors of 630761.
619, 1019
List the prime factors of 3947258.
2, 7, 281947
What are the prime factors of 481223?
89, 5407
List the prime factors of 63697.
63697
List the prime factors of 15240888.
2, 3, 13, 19, 857
List the prime factors of 2879678.
2, 19, 75781
What are the prime factors of 5098254?
2, 3, 7, 17341
What are the prime factors of 3035771?
3035771
What are the prime factors of 833207?
19, 43853
What are the prime factors of 825820?
2, 5, 157, 263
List the prime factors of 111375.
3, 5, 11
What are the prime factors of 2670695?
5, 293, 1823
List the prime factors of 1926119.
13, 229, 647
List the prime factors of 167128.
2, 13, 1607
List the prime factors of 190300.
2, 5, 11, 173
What are the prime factors of 116737?
107, 1091
List the prime factors of 11067542.
2, 127, 43573
List the prime factors of 253744.
2, 15859
List the prime factors of 10325417.
19, 419, 1297
List the prime factors of 9838855.
5, 13, 37, 4091
What are the prime factors of 30697915?
5, 43, 71, 2011
List the prime factors of 349544.
2, 13, 3361
List the prime factors of 1597871.
11, 29, 5009
List the prime factors of 21460105.
5, 61, 71, 991
What are the prime factors of 2411821?
2411821
What are the prime factors of 201629?
201629
What are the prime factors of 32498180?
2, 5, 11, 13, 1033
What are the prime factors of 357980?
2, 5, 7, 2557
What are the prime factors of 6748229?
6748229
What are the prime factors of 12765683?
7, 1823669
What are the prime factors of 6247286?
2, 3123643
What are the prime factors of 533773?
59, 83, 109
What are the prime factors of 19006671?
3, 23, 275459
List the prime factors of 7316952.
2, 3, 109, 2797
List the prime factors of 1228058.
2, 13, 149, 317
What are the prime factors of 3748924?
2, 937231
List the prime factors of 2031645.
3, 5, 7, 11, 1759
List the prime factors of 323035.
5, 23, 53
What are the prime factors of 1154721?
3, 384907
List the prime factors of 8984.
2, 1123
What are the prime factors of 15996890?
2, 5, 7, 13, 17579
What are the prime factors of 297694?
2, 73, 2039
What are the prime factors of 3839886?
2, 3, 7901
What are the prime factors of 554898?
2, 3, 23, 4021
What are the prime factors of 1061868?
2, 3, 107, 827
List the prime factors of 12412757.
7, 19, 93329
List the prime factors of 32326.
2, 7, 2309
What are the prime factors of 161724?
2, 3, 13477
List the